{"id":4396,"date":"2025-06-17T16:10:45","date_gmt":"2025-06-17T16:10:45","guid":{"rendered":"https:\/\/tendalscaballol.com\/?post_type=product&p=4396"},"modified":"2025-11-30T00:01:47","modified_gmt":"2025-11-30T00:01:47","slug":"funda-nordica-modelo-isla","status":"publish","type":"product","link":"https:\/\/tendalscaballol.com\/es\/producte\/funda-nordica-modelo-isla\/","title":{"rendered":"Funda N\u00f3rdica modelo Isla"},"content":{"rendered":"","protected":false},"excerpt":{"rendered":"<p>Funda N\u00f3rdica modelo Isla para cama de 180\/200 cm de la casa Australiana KAS.<\/p>\n<p>Estampado de la flora aut\u00f3ctona en flor sobre un suave algod\u00f3n con un estampado en el reverso a juego.<\/p>\n<p>Medidas: 280 x 240 + pesta\u00f1a de 60 cm<\/p>\n<p>Incluye dos fundas de almohada de 50 x 90 cm<\/p>\n<p>Composici\u00f3n: Algod\u00f3n 100%<\/p>\n<p>&nbsp;<\/p>\n","protected":false},"featured_media":4381,"template":"","meta":{"_joinchat":[]},"product_brand":[],"product_cat":[185,179,269],"product_tag":[],"class_list":["post-4396","product","type-product","status-publish","has-post-thumbnail","product_cat-conjuntos","product_cat-ropa-de-cama","product_cat-uncategorized-es","first","instock","taxable","shipping-taxable","purchasable","product-type-simple"],"yoast_head":"<!-- This site is optimized with the Yoast SEO plugin v28.4 - https:\/\/yoast.com\/product\/yoast-seo-wordpress\/ -->\n<title>Funda N\u00f3rdica modelo Isla - Tendals Caballol<\/title>\n<meta name=\"robots\" content=\"index, follow, max-snippet:-1, max-image-preview:large, max-video-preview:-1\" \/>\n<link rel=\"canonical\" href=\"https:\/\/tendalscaballol.com\/es\/producte\/funda-nordica-modelo-isla\/\" \/>\n<meta property=\"og:locale\" content=\"es_ES\" \/>\n<meta property=\"og:type\" content=\"article\" \/>\n<meta property=\"og:title\" content=\"Funda N\u00f3rdica modelo Isla - Tendals Caballol\" \/>\n<meta property=\"og:description\" content=\"Funda N\u00f3rdica modelo Isla para cama de 180\/200 cm de la casa Australiana KAS. Estampado de la flora aut\u00f3ctona en flor sobre un suave algod\u00f3n con un estampado en el reverso a juego. Medidas: 280 x 240 + pesta\u00f1a de 60 cm Incluye dos fundas de almohada de 50 x 90 cm Composici\u00f3n: Algod\u00f3n 100% &nbsp;\" \/>\n<meta property=\"og:url\" content=\"https:\/\/tendalscaballol.com\/es\/producte\/funda-nordica-modelo-isla\/\" \/>\n<meta property=\"og:site_name\" content=\"Tendals Caballol\" \/>\n<meta property=\"article:publisher\" content=\"https:\/\/www.facebook.com\/caballoltendalsicortines\" \/>\n<meta property=\"article:modified_time\" content=\"2025-11-30T00:01:47+00:00\" \/>\n<meta property=\"og:image\" content=\"https:\/\/tendalscaballol.com\/wp-content\/uploads\/2025\/06\/JLL-.jpg\" \/>\n\t<meta property=\"og:image:width\" content=\"600\" \/>\n\t<meta property=\"og:image:height\" content=\"600\" \/>\n\t<meta property=\"og:image:type\" content=\"image\/jpeg\" \/>\n<meta name=\"twitter:card\" content=\"summary_large_image\" \/>\n<script type=\"application\/ld+json\" class=\"yoast-schema-graph\">{\"@context\":\"https:\\\/\\\/schema.org\",\"@graph\":[{\"@type\":\"WebPage\",\"@id\":\"https:\\\/\\\/tendalscaballol.com\\\/es\\\/producte\\\/funda-nordica-modelo-isla\\\/\",\"url\":\"https:\\\/\\\/tendalscaballol.com\\\/es\\\/producte\\\/funda-nordica-modelo-isla\\\/\",\"name\":\"Funda N\u00f3rdica modelo Isla - Tendals Caballol\",\"isPartOf\":{\"@id\":\"https:\\\/\\\/tendalscaballol.com\\\/es\\\/#website\"},\"primaryImageOfPage\":{\"@id\":\"https:\\\/\\\/tendalscaballol.com\\\/es\\\/producte\\\/funda-nordica-modelo-isla\\\/#primaryimage\"},\"image\":{\"@id\":\"https:\\\/\\\/tendalscaballol.com\\\/es\\\/producte\\\/funda-nordica-modelo-isla\\\/#primaryimage\"},\"thumbnailUrl\":\"https:\\\/\\\/tendalscaballol.com\\\/wp-content\\\/uploads\\\/2025\\\/06\\\/JLL-.jpg\",\"datePublished\":\"2025-06-17T16:10:45+00:00\",\"dateModified\":\"2025-11-30T00:01:47+00:00\",\"breadcrumb\":{\"@id\":\"https:\\\/\\\/tendalscaballol.com\\\/es\\\/producte\\\/funda-nordica-modelo-isla\\\/#breadcrumb\"},\"inLanguage\":\"es\",\"potentialAction\":[{\"@type\":\"ReadAction\",\"target\":[\"https:\\\/\\\/tendalscaballol.com\\\/es\\\/producte\\\/funda-nordica-modelo-isla\\\/\"]}]},{\"@type\":\"ImageObject\",\"inLanguage\":\"es\",\"@id\":\"https:\\\/\\\/tendalscaballol.com\\\/es\\\/producte\\\/funda-nordica-modelo-isla\\\/#primaryimage\",\"url\":\"https:\\\/\\\/tendalscaballol.com\\\/wp-content\\\/uploads\\\/2025\\\/06\\\/JLL-.jpg\",\"contentUrl\":\"https:\\\/\\\/tendalscaballol.com\\\/wp-content\\\/uploads\\\/2025\\\/06\\\/JLL-.jpg\",\"width\":600,\"height\":600},{\"@type\":\"BreadcrumbList\",\"@id\":\"https:\\\/\\\/tendalscaballol.com\\\/es\\\/producte\\\/funda-nordica-modelo-isla\\\/#breadcrumb\",\"itemListElement\":[{\"@type\":\"ListItem\",\"position\":1,\"name\":\"Portada\",\"item\":\"https:\\\/\\\/tendalscaballol.com\\\/es\\\/\"},{\"@type\":\"ListItem\",\"position\":2,\"name\":\"Productos 2\",\"item\":\"https:\\\/\\\/tendalscaballol.com\\\/es\\\/productos-2\\\/\"},{\"@type\":\"ListItem\",\"position\":3,\"name\":\"Funda N\u00f3rdica modelo Isla\"}]},{\"@type\":\"WebSite\",\"@id\":\"https:\\\/\\\/tendalscaballol.com\\\/es\\\/#website\",\"url\":\"https:\\\/\\\/tendalscaballol.com\\\/es\\\/\",\"name\":\"Tendals Caballol\",\"description\":\"Tendalls, cortines i roba de la llar\",\"publisher\":{\"@id\":\"https:\\\/\\\/tendalscaballol.com\\\/es\\\/#organization\"},\"potentialAction\":[{\"@type\":\"SearchAction\",\"target\":{\"@type\":\"EntryPoint\",\"urlTemplate\":\"https:\\\/\\\/tendalscaballol.com\\\/es\\\/?s={search_term_string}\"},\"query-input\":{\"@type\":\"PropertyValueSpecification\",\"valueRequired\":true,\"valueName\":\"search_term_string\"}}],\"inLanguage\":\"es\"},{\"@type\":\"Organization\",\"@id\":\"https:\\\/\\\/tendalscaballol.com\\\/es\\\/#organization\",\"name\":\"Tendals Caballol\",\"url\":\"https:\\\/\\\/tendalscaballol.com\\\/es\\\/\",\"logo\":{\"@type\":\"ImageObject\",\"inLanguage\":\"es\",\"@id\":\"https:\\\/\\\/tendalscaballol.com\\\/es\\\/#\\\/schema\\\/logo\\\/image\\\/\",\"url\":\"https:\\\/\\\/tendalscaballol.com\\\/wp-content\\\/uploads\\\/2022\\\/10\\\/cropped-01-caballol-tendals-i-cortines.png\",\"contentUrl\":\"https:\\\/\\\/tendalscaballol.com\\\/wp-content\\\/uploads\\\/2022\\\/10\\\/cropped-01-caballol-tendals-i-cortines.png\",\"width\":1920,\"height\":1080,\"caption\":\"Tendals Caballol\"},\"image\":{\"@id\":\"https:\\\/\\\/tendalscaballol.com\\\/es\\\/#\\\/schema\\\/logo\\\/image\\\/\"},\"sameAs\":[\"https:\\\/\\\/www.facebook.com\\\/caballoltendalsicortines\",\"https:\\\/\\\/www.instagram.com\\\/caballoltendalsicortines\\\/\",\"https:\\\/\\\/es.pinterest.com\\\/caballoltendalsicortines\\\/\"]}]}<\/script>\n<!-- \/ Yoast SEO plugin. -->","yoast_head_json":{"title":"Funda N\u00f3rdica modelo Isla - Tendals Caballol","robots":{"index":"index","follow":"follow","max-snippet":"max-snippet:-1","max-image-preview":"max-image-preview:large","max-video-preview":"max-video-preview:-1"},"canonical":"https:\/\/tendalscaballol.com\/es\/producte\/funda-nordica-modelo-isla\/","og_locale":"es_ES","og_type":"article","og_title":"Funda N\u00f3rdica modelo Isla - Tendals Caballol","og_description":"Funda N\u00f3rdica modelo Isla para cama de 180\/200 cm de la casa Australiana KAS. Estampado de la flora aut\u00f3ctona en flor sobre un suave algod\u00f3n con un estampado en el reverso a juego. Medidas: 280 x 240 + pesta\u00f1a de 60 cm Incluye dos fundas de almohada de 50 x 90 cm Composici\u00f3n: Algod\u00f3n 100% &nbsp;","og_url":"https:\/\/tendalscaballol.com\/es\/producte\/funda-nordica-modelo-isla\/","og_site_name":"Tendals Caballol","article_publisher":"https:\/\/www.facebook.com\/caballoltendalsicortines","article_modified_time":"2025-11-30T00:01:47+00:00","og_image":[{"width":600,"height":600,"url":"https:\/\/tendalscaballol.com\/wp-content\/uploads\/2025\/06\/JLL-.jpg","type":"image\/jpeg"}],"twitter_card":"summary_large_image","schema":{"@context":"https:\/\/schema.org","@graph":[{"@type":"WebPage","@id":"https:\/\/tendalscaballol.com\/es\/producte\/funda-nordica-modelo-isla\/","url":"https:\/\/tendalscaballol.com\/es\/producte\/funda-nordica-modelo-isla\/","name":"Funda N\u00f3rdica modelo Isla - Tendals Caballol","isPartOf":{"@id":"https:\/\/tendalscaballol.com\/es\/#website"},"primaryImageOfPage":{"@id":"https:\/\/tendalscaballol.com\/es\/producte\/funda-nordica-modelo-isla\/#primaryimage"},"image":{"@id":"https:\/\/tendalscaballol.com\/es\/producte\/funda-nordica-modelo-isla\/#primaryimage"},"thumbnailUrl":"https:\/\/tendalscaballol.com\/wp-content\/uploads\/2025\/06\/JLL-.jpg","datePublished":"2025-06-17T16:10:45+00:00","dateModified":"2025-11-30T00:01:47+00:00","breadcrumb":{"@id":"https:\/\/tendalscaballol.com\/es\/producte\/funda-nordica-modelo-isla\/#breadcrumb"},"inLanguage":"es","potentialAction":[{"@type":"ReadAction","target":["https:\/\/tendalscaballol.com\/es\/producte\/funda-nordica-modelo-isla\/"]}]},{"@type":"ImageObject","inLanguage":"es","@id":"https:\/\/tendalscaballol.com\/es\/producte\/funda-nordica-modelo-isla\/#primaryimage","url":"https:\/\/tendalscaballol.com\/wp-content\/uploads\/2025\/06\/JLL-.jpg","contentUrl":"https:\/\/tendalscaballol.com\/wp-content\/uploads\/2025\/06\/JLL-.jpg","width":600,"height":600},{"@type":"BreadcrumbList","@id":"https:\/\/tendalscaballol.com\/es\/producte\/funda-nordica-modelo-isla\/#breadcrumb","itemListElement":[{"@type":"ListItem","position":1,"name":"Portada","item":"https:\/\/tendalscaballol.com\/es\/"},{"@type":"ListItem","position":2,"name":"Productos 2","item":"https:\/\/tendalscaballol.com\/es\/productos-2\/"},{"@type":"ListItem","position":3,"name":"Funda N\u00f3rdica modelo Isla"}]},{"@type":"WebSite","@id":"https:\/\/tendalscaballol.com\/es\/#website","url":"https:\/\/tendalscaballol.com\/es\/","name":"Tendals Caballol","description":"Tendalls, cortines i roba de la llar","publisher":{"@id":"https:\/\/tendalscaballol.com\/es\/#organization"},"potentialAction":[{"@type":"SearchAction","target":{"@type":"EntryPoint","urlTemplate":"https:\/\/tendalscaballol.com\/es\/?s={search_term_string}"},"query-input":{"@type":"PropertyValueSpecification","valueRequired":true,"valueName":"search_term_string"}}],"inLanguage":"es"},{"@type":"Organization","@id":"https:\/\/tendalscaballol.com\/es\/#organization","name":"Tendals Caballol","url":"https:\/\/tendalscaballol.com\/es\/","logo":{"@type":"ImageObject","inLanguage":"es","@id":"https:\/\/tendalscaballol.com\/es\/#\/schema\/logo\/image\/","url":"https:\/\/tendalscaballol.com\/wp-content\/uploads\/2022\/10\/cropped-01-caballol-tendals-i-cortines.png","contentUrl":"https:\/\/tendalscaballol.com\/wp-content\/uploads\/2022\/10\/cropped-01-caballol-tendals-i-cortines.png","width":1920,"height":1080,"caption":"Tendals Caballol"},"image":{"@id":"https:\/\/tendalscaballol.com\/es\/#\/schema\/logo\/image\/"},"sameAs":["https:\/\/www.facebook.com\/caballoltendalsicortines","https:\/\/www.instagram.com\/caballoltendalsicortines\/","https:\/\/es.pinterest.com\/caballoltendalsicortines\/"]}]}},"_links":{"self":[{"href":"https:\/\/tendalscaballol.com\/es\/wp-json\/wp\/v2\/product\/4396","targetHints":{"allow":["GET"]}}],"collection":[{"href":"https:\/\/tendalscaballol.com\/es\/wp-json\/wp\/v2\/product"}],"about":[{"href":"https:\/\/tendalscaballol.com\/es\/wp-json\/wp\/v2\/types\/product"}],"wp:featuredmedia":[{"embeddable":true,"href":"https:\/\/tendalscaballol.com\/es\/wp-json\/wp\/v2\/media\/4381"}],"wp:attachment":[{"href":"https:\/\/tendalscaballol.com\/es\/wp-json\/wp\/v2\/media?parent=4396"}],"wp:term":[{"taxonomy":"product_brand","embeddable":true,"href":"https:\/\/tendalscaballol.com\/es\/wp-json\/wp\/v2\/product_brand?post=4396"},{"taxonomy":"product_cat","embeddable":true,"href":"https:\/\/tendalscaballol.com\/es\/wp-json\/wp\/v2\/product_cat?post=4396"},{"taxonomy":"product_tag","embeddable":true,"href":"https:\/\/tendalscaballol.com\/es\/wp-json\/wp\/v2\/product_tag?post=4396"}],"curies":[{"name":"wp","href":"https:\/\/api.w.org\/{rel}","templated":true}]}}

Funda Nórdica modelo Isla

<p>Funda Nórdica modelo Isla para cama de 180/200 cm de la casa Australiana KAS.</p>
<p>Estampado de la flora autóctona en flor sobre un suave algodón con un estampado en el reverso a juego.</p>
<p>Medidas: 280 x 240 + pestaña de 60 cm</p>
<p>Incluye dos fundas de almohada de 50 x 90 cm</p>
<p>Composición: Algodón 100%</p>
<p>&nbsp;</p>

<!-- This site is optimized with the Yoast SEO plugin v28.4 - https://yoast.com/product/yoast-seo-wordpress/ -->
<title>Funda Nórdica modelo Isla - Tendals Caballol</title>
<meta name="robots" content="index, follow, max-snippet:-1, max-image-preview:large, max-video-preview:-1" />
<link rel="canonical" href="https://tendalscaballol.com/es/producte/funda-nordica-modelo-isla/" />
<meta property="og:locale" content="es_ES" />
<meta property="og:type" content="article" />
<meta property="og:title" content="Funda Nórdica modelo Isla - Tendals Caballol" />
<meta property="og:description" content="Funda Nórdica modelo Isla para cama de 180/200 cm de la casa Australiana KAS. Estampado de la flora autóctona en flor sobre un suave algodón con un estampado en el reverso a juego. Medidas: 280 x 240 + pestaña de 60 cm Incluye dos fundas de almohada de 50 x 90 cm Composición: Algodón 100% &nbsp;" />
<meta property="og:url" content="https://tendalscaballol.com/es/producte/funda-nordica-modelo-isla/" />
<meta property="og:site_name" content="Tendals Caballol" />
<meta property="article:publisher" content="https://www.facebook.com/caballoltendalsicortines" />
<meta property="article:modified_time" content="2025-11-30T00:01:47+00:00" />
<meta property="og:image" content="https://tendalscaballol.com/wp-content/uploads/2025/06/JLL-.jpg" />
	<meta property="og:image:width" content="600" />
	<meta property="og:image:height" content="600" />
	<meta property="og:image:type" content="image/jpeg" />
<meta name="twitter:card" content="summary_large_image" />
<script type="application/ld+json" class="yoast-schema-graph">{"@context":"https:\/\/schema.org","@graph":[{"@type":"WebPage","@id":"https:\/\/tendalscaballol.com\/es\/producte\/funda-nordica-modelo-isla\/","url":"https:\/\/tendalscaballol.com\/es\/producte\/funda-nordica-modelo-isla\/","name":"Funda Nórdica modelo Isla - Tendals Caballol","isPartOf":{"@id":"https:\/\/tendalscaballol.com\/es\/#website"},"primaryImageOfPage":{"@id":"https:\/\/tendalscaballol.com\/es\/producte\/funda-nordica-modelo-isla\/#primaryimage"},"image":{"@id":"https:\/\/tendalscaballol.com\/es\/producte\/funda-nordica-modelo-isla\/#primaryimage"},"thumbnailUrl":"https:\/\/tendalscaballol.com\/wp-content\/uploads\/2025\/06\/JLL-.jpg","datePublished":"2025-06-17T16:10:45+00:00","dateModified":"2025-11-30T00:01:47+00:00","breadcrumb":{"@id":"https:\/\/tendalscaballol.com\/es\/producte\/funda-nordica-modelo-isla\/#breadcrumb"},"inLanguage":"es","potentialAction":[{"@type":"ReadAction","target":["https:\/\/tendalscaballol.com\/es\/producte\/funda-nordica-modelo-isla\/"]}]},{"@type":"ImageObject","inLanguage":"es","@id":"https:\/\/tendalscaballol.com\/es\/producte\/funda-nordica-modelo-isla\/#primaryimage","url":"https:\/\/tendalscaballol.com\/wp-content\/uploads\/2025\/06\/JLL-.jpg","contentUrl":"https:\/\/tendalscaballol.com\/wp-content\/uploads\/2025\/06\/JLL-.jpg","width":600,"height":600},{"@type":"BreadcrumbList","@id":"https:\/\/tendalscaballol.com\/es\/producte\/funda-nordica-modelo-isla\/#breadcrumb","itemListElement":[{"@type":"ListItem","position":1,"name":"Portada","item":"https:\/\/tendalscaballol.com\/es\/"},{"@type":"ListItem","position":2,"name":"Productos 2","item":"https:\/\/tendalscaballol.com\/es\/productos-2\/"},{"@type":"ListItem","position":3,"name":"Funda Nórdica modelo Isla"}]},{"@type":"WebSite","@id":"https:\/\/tendalscaballol.com\/es\/#website","url":"https:\/\/tendalscaballol.com\/es\/","name":"Tendals Caballol","description":"Tendalls, cortines i roba de la llar","publisher":{"@id":"https:\/\/tendalscaballol.com\/es\/#organization"},"potentialAction":[{"@type":"SearchAction","target":{"@type":"EntryPoint","urlTemplate":"https:\/\/tendalscaballol.com\/es\/?s={search_term_string}"},"query-input":{"@type":"PropertyValueSpecification","valueRequired":true,"valueName":"search_term_string"}}],"inLanguage":"es"},{"@type":"Organization","@id":"https:\/\/tendalscaballol.com\/es\/#organization","name":"Tendals Caballol","url":"https:\/\/tendalscaballol.com\/es\/","logo":{"@type":"ImageObject","inLanguage":"es","@id":"https:\/\/tendalscaballol.com\/es\/#\/schema\/logo\/image\/","url":"https:\/\/tendalscaballol.com\/wp-content\/uploads\/2022\/10\/cropped-01-caballol-tendals-i-cortines.png","contentUrl":"https:\/\/tendalscaballol.com\/wp-content\/uploads\/2022\/10\/cropped-01-caballol-tendals-i-cortines.png","width":1920,"height":1080,"caption":"Tendals Caballol"},"image":{"@id":"https:\/\/tendalscaballol.com\/es\/#\/schema\/logo\/image\/"},"sameAs":["https:\/\/www.facebook.com\/caballoltendalsicortines","https:\/\/www.instagram.com\/caballoltendalsicortines\/","https:\/\/es.pinterest.com\/caballoltendalsicortines\/"]}]}</script>
<!-- / Yoast SEO plugin. -->

Funda Nórdica modelo Isla - Tendals Caballol

Funda Nórdica modelo Isla para cama de 180/200 cm de la casa Australiana KAS. Estampado de la flora autóctona en flor sobre un suave algodón con un estampado en el reverso a juego. Medidas: 280 x 240 + pestaña de 60 cm Incluye dos fundas de almohada de 50 x 90 cm Composición: Algodón 100% &nbsp;
